8. What is h(-43)?
-1364
Let y(m) = -10286*m + 195430. Determine y(19).
-4
Let o(f) = -f**3 - 70*f**2 - 612*f - 6263. Determine o(-62).
929
Let x(i) = 1082*i - 327798. Give x(303).
48
Let p(b) = 53647*b + 321881. Give p(-6).
-1
Let r(b) = b**3 - 17*b**2 - 102*b + 1183. Calculate r(-9).
-5
Let b(p) = 3*p**2 - 573*p + 5928. Calculate b(11).
-12
Let c(p) = -p**3 + 219*p**2 - 1274*p - 1232. What is c(213)?
-380
Let b(u) = -665*u + 9518. Determine b(14).
208
Let u(h) = 122*h + 12945. What is u(-105)?
135
Let s(p) = p**3 + 265*p**2 + 3985*p + 52. Calculate s(-16).
36
Let z(q) = -7*q**3 + 1110*q**2 - 632*q - 6. Determine z(158).
-6
Let r(x) = 736*x - 12408. Calculate r(17).
104
Let z(t) = -t**2 - 349*t - 2225. What is z(-7)?
169
Let w(s) = 249*s**2 - 8245*s - 8244. Calculate w(-1).
250
Let n(u) = -u**3 - 55*u**2 + 1322*u - 20804. What is n(-76)?
20
Let f(m) = -m**2 + 166715*m - 2000396. Calculate f(12).
40
Let b(n) = -24*n**2 + 12242*n - 389365. What is b(476)?
3
Let w(d) = -d**3 - 11*d**2 - 68*d - 8. Calculate w(-10).
572
Let h(m) = m**2 - 215*m - 59929. Determine h(375).
71
Let m(r) = 4277*r - 47417. Determine m(11).
-370
Let u(g) = -65944*g + 1252933. Give u(19).
-3
Let z(i) = 6*i**3 - 44*i**2 + 1767*i - 12291. What is z(7)?
-20
Let i(z) = 2*z**3 - 239*z**2 + 4668*z + 5064. Calculate i(26).
20
Let t(p) = p**3 + 363*p**2 + 687*p - 13779. Calculate t(-361).
-1144
Let l(d) = d**2 - 240*d + 184. Determine l(0).
184
Let s(u) = -47*u + 4428. Give s(-7).
4757
Let m(g) = -23*g**2 + 6208*g - 184484. Determine m(34).
0
Let l(m) = -m**3 + 56*m**2 + 1010*m - 19. Determine l(-15).
806
Let z(m) = -41*m**2 + 30904*m - 23334. Calculate z(753).
9
Let z(y) = -166642*y + 666289. Determine z(4).
-279
Let g(c) = -18457*c - 9819124. Calculate g(-532).
0
Let z(s) = -16*s + 437. What is z(14)?
213
Let i(z) = -2637*z - 1297. What is i(-1)?
1340
Let m(c) = -c**2 - 75*c - 958. Give m(-27).
338
Let f(i) = 24*i**2 + 251*i + 5. Determine f(-14).
1195
Let d(u) = u**3 - 57*u**2 - 779*u + 680. Give d(68).
-1428
Let c(d) = d**2 + 62895*d + 1446066. What is c(-23)?
10
Let h(n) = -3554*n + 10702. Calculate h(3).
40
Let h(f) = 3*f**3 - 398*f**2 - 2152*f - 7750. Calculate h(138).
-22
Let w(f) = -100905*f - 1917182. Give w(-19).
13
Let g(x) = -20*x**2 - 197*x - 472. Give g(-4).
-4
Let l(d) = -5003*d + 118839. What is l(24)?
-1233
Let o(a) = -a**3 - 28*a**2 + 364*a + 9714. Calculate o(-29).
-1
Let g(o) = -3*o**3 + 25*o**2 - 74*o + 62. Give g(5).
-58
Let c(x) = 74222*x - 296926. Give c(4).
-38
Let b(d) = d**3 + 3*d**2 + 45*d - 294. What is b(5)?
131
Let m(d) = -395*d**3 + 17*d**2 - 61*d + 44. Give m(1).
-395
Let q(x) = x**3 - 14*x**2 - 300*x - 685. What is q(23)?
-2824
Let c(d) = -4*d**3 + 75*d**2 + 42*d + 27. What is c(18)?
1755
Let c(r) = 3*r**3 + 146*r**2 + 65*r - 25. Give c(-48).
1463
Let l(r) = 41047*r - 38608. Give l(1).
2439
Let d(h) = 782374*h + 3911881. Calculate d(-5).
11
Let h(v) = -2*v**3 + 560*v**2 + 3*v - 258. Calculate h(280).
582
Let u(v) = -v**3 + 21*v**2 + 1396*v - 23644. Calculate u(16).
-28
Let u(t) = 3*t**2 + 299*t - 1292. Give u(-104).
60
Let l(u) = u**3 - 35*u**2 + 233*u + 51. Calculate l(15).
-954
Let f(a) = -a**2 + 126*a - 3233. Give f(67).
720
Let o(y) = y**3 + 57*y**2 + 793*y + 45. Give o(-32).
269
Let b(l) = -l**2 - 9568*l - 38236. What is b(-4)?
20
Let t(c) = -9441*c + 641976. Determine t(68).
-12
Let a(h) = -h**2 - 1421*h - 37633. What is a(-27)?
5
Let h(a) = -25*a + 191. Determine h(45).
-934
Let k(c) = 263*c + 29044. Calculate k(-110).
114
Let v(g) = -3*g**3 + 70*g**2 - 156*g + 2498. Give v(23).
-561
Let d(f) = f**2 + 2626*f - 208078. Give d(77).
53
Let j(p) = -p**3 + 86*p**2 + 376*p + 7157. Give j(91).
-32
Let j(k) = -3*k**3 + 51*k**2 - 50*k + 77. Calculate j(16).
45
Let g(f) = -2*f**3 - 83*f**2 - 531*f + 68. Determine g(-8).
28
Let o(p) = -851*p - 98998. Determine o(-114).
-1984
Let d(k) = 182*k**2 + 3130*k + 618. Calculate d(-17).
6
Let j(u) = -4910*u**2 - 913258*u + 377. What is j(-186)?
5
Let c(r) = r**3 - 2*r**2 - 183*r - 45. What is c(16)?
611
Let p(q) = q**2 + 907*q - 24279. What is p(26)?
-21
Let f(x) = 20*x**2 + 90*x + 38. Determine f(-4).
-2
Let f(t) = t**3 + 3218*t - 44023. What is f(13)?
8
Let z(d) = 1385*d - 2930. What is z(2)?
-160
Let g(q) = 192*q**3 - 7*q**2 + 67*q - 109. Give g(2).
1533
Let i(f) = -8257*f + 363333. What is i(44)?
25
Let r(h) = -h**3 + 19*h**2 - 131*h + 431. Calculate r(8).
87
Let j(v) = -17*v**2 - 278*v - 803. What is j(-3)?
-122
Let o(l) = -3*l**3 + 7*l**2 + 25*l + 23. What is o(-2)?
25
Let f(n) = -57*n + 9199. Calculate f(204).
-2429
Let n(s) = -8*s**2 - 61237*s - 183636. What is n(-3)?
3
Let g(l) = l**2 - 116*l - 4488. What is g(-49)?
3597
Let l(h) = 294*h**2 + 68209*h + 254. Give l(-232).
22
Let p(k) = 3*k**3 - 211*k**2 + 3343*k + 642. Calculate p(46).
-48
Let a(h) = 30*h**2 - 53*h + 77. What is a(4)?
345
Let k(n) = -2*n**2 + 443*n + 357994. Give k(548).
150
Let k(c) = -2*c**2 - 241886*c + 2419052. Calculate k(10).
-8
Let t(o) = -194*o**3 - 5*o**2 + 41*o + 48. Determine t(-1).
196
Let i(d) = 2*d**2 + 310*d - 66850. What is i(121)?
-58
Let n(o) = 3*o**3 - 40*o**2 + 124*o + 21. Calculate n(4).
69
Let b(c) = 44*c + 2816. What is b(-62)?
88
Let x(s) = -770*s**2 - 6139*s - 28. Give x(-8).
-196
Let l(q) = 65*q**2 + 1108*q - 84. What is l(-17)?
-135
Let q(m) = -56*m**3 - 505*m**2 + 556*m + 51. Determine q(-10).
-9
Let j(n) = -2*n**2 - 284*n - 843. Determine j(-140).
-283
Let q(v) = -2*v**2 - 457*v + 16076. Calculate q(31).
-13
Let d(f) = -52*f**2 - 674*f + 44. Give d(-13).
18
Let l(h) = 5*h**2 - 4437*h - 340233. Calculate l(-71).
-1
Let j(n) = n**3 - 171*n**2 - 866*n - 2511. Give j(176).
-47
Let b(p) = 174*p**2 + 1221*p + 7287. Calculate b(-6).
6225
Let u(c) = -261*c**2 + 53503*c + 257. Give u(205).
-153
Let k(d) = -d**2 - 5387*d + 6848857. Determine k(1062).
19
Let k(j) = -50*j**3 - 220*j**2 + 107*j - 23. Give k(-5).
192
Let u(p) = p**3 + 27*p**2 + 17*p - 170. Calculate u(-26).
64
Let x(u) = u**2 - 669845*u - 3349248. Give x(-5).
2
Let z(r) = 352*r**2 + 4269*r + 546. Determine z(-12).
6
Let r(s) = 18*s**2 + 260*s + 1613. What is r(-6)?
701
Let m(x) = -x**3 + 17*x**2 - 435*x + 2312. Give m(6).
98
Let j(w) = -2482*w + 27171. Give j(11).
-131
Let t(v) = 246243*v - 3201163. Give t(13).
-4
Let i(b) = -b**2 + 185129*b + 740529. Calculate i(-4).
-3
Let z(n) = -291*n**2 - 30*n + 28. Give z(-2).
-1076
Let r(x) = 10974*x - 65864. Determine r(6).
-20
Let z(v) = v**3 + 6*v**2 - 96*v + 1167. Determine z(14).
3743
Let g(c) = c**3 + 62*c**2 - 1506*c + 57. Determine g(19).
684
Let k(o) = -8*o - 390. What is k(57)?
-846
Let d(m) = -6692*m - 3439693. Calculate d(-514).
-5
Let j(m) = -105*m**2 - 541*m - 558. Calculate j(-4).
-74
Let p(k) = 6*k**2 - 3545*k + 10653. Determine p(3).
72
Let o(m) = 3364*m - 22902. Give o(6).
-2718
Let p(c) = -206*c**2 - 1463*c - 10. Give p(-7).
137
Let w(a) = 251*a + 10688. Give w(-24).
4664
Let p(q) = -157*q**2 + 540*q + 319. What is p(4)?
-33
Let a(b) = 4*b**2 + 279*b + 3915. Determine a(-20).
-65
Let h(x) = x**2 + 1972*x + 29529. Calculate h(-15).
174
Let l(q) = -122*q**2 + 12924*q + 858. Determine l(106).
10
Let x(t) = 23*t**2 + 204*t + 5. Calculate x(-9).
32
Let n(o) = -1120*o - 76457. Calculate n(-68).
-297
Let m(z) = z**2 - 32187*z - 5240535. What is m(-162)?
3
Let c(v) = -328*v**2 - 2107*v - 3358. Determine c(-3).
11
Let k(z) = 326*z + 12350. Calculate k(-38).
-38
Let o(u) = -357*u + 56734. Give o(159).
-29
Let r(k) = -45*k**2 + 749*k + 265. What is r(17)?
-7
Let m(q) = 6*q**2 - 155*q - 2263. What is m(45)?
2912
Let v(r) = -r**3 - 226*r**2 + 606*r - 18542. What is v(-229)?
7
Let a(t) = -t**3 + 54*t**2 - 62*t + 620. Calculate a(53).
143
Let r(d) = -d**2 + 96*d - 321. Give r(25).
1454
Let j(t) = 4*t**3 + 403*t**2 + 2889*t + 563. What is j(-93)?
5
Let s(x) = -6*x**2 + 151*x - 442. Give s(20).
178
Let k(z) = -126*z**3 + 259*z**2 + 9*z - 11. What is k(2)?
35
Let v(p) = p**3 + 138*p**2 + 1108*p + 8830. Give v(-130).
-10
Let a(q) = q**3 + q**2 - 28*q + 300. Determine a(0).
300
Let n(d) = -d**3 - 4*d**2 + 4089*d - 337. Give n(-66).
-139
Let i(f) = f**3 + 232*f**2 - 1158*f + 6395. Give i(-237).
-4
Let b(j) = j**3 + 209*j**2 - 34683*j + 2282. Give b(109).
-7
Let g(z) = -53*z**3 - 3708*z**2 + 156*z + 38. Determi